 1998362651 a multiple of 70?
False
Is 1822016 a multiple of 634?
False
Is 11 a factor of 6076004?
True
Is 349 a factor of 28658473?
False
Is 651 a factor of 317554545?
True
Is 202 a factor of 2331941889?
False
Is 114767529 a multiple of 1199?
False
Is 70112184 a multiple of 192?
False
Does 13 divide 46958141?
False
Does 272 divide 2872240304?
True
Is 326250666 a multiple of 1211?
True
Does 1434 divide 94941154?
False
Does 2 divide 10141976?
True
Is 97 a factor of 1864326167?
False
Is 5 a factor of 17293665?
True
Is 1950244788 a multiple of 613?
True
Is 51 a factor of 115094301?
True
Is 10786 a factor of 2118956219?
False
Is 23159725 a multiple of 54?
False
Is 58225440 a multiple of 93?
True
Is 10451627 a multiple of 30?
False
Does 2326 divide 352967907?
False
Is 7 a factor of 893231607?
False
Is 8788463 a multiple of 59?
True
Is 65948184 a multiple of 4631?
False
Is 219838741 a multiple of 56?
False
Is 29 a factor of 183064838?
False
Does 47 divide 85002741?
False
Does 530 divide 59658920?
True
Is 32 a factor of 43838032?
False
Is 185 a factor of 66270247?
False
Is 86 a factor of 3778295847?
False
Is 712 a factor of 19406272?
True
Is 10926798 a multiple of 318?
True
Is 62 a factor of 8357741?
False
Does 86 divide 38045326?
False
Does 20 divide 1088450573?
False
Is 213441466 a multiple of 14?
True
Does 316 divide 113284216?
False
Is 1130993203 a multiple of 171?
False
Is 19 a factor of 73783817?
False
Is 313 a factor of 658598923?
False
Is 321 a factor of 28498701?
True
Is 209533200 a multiple of 52?
False
Is 13 a factor of 511491347?
False
Is 149428375 a multiple of 9?
False
Does 35 divide 1454933095?
True
Does 227 divide 124489070?
True
Does 10 divide 397810?
True
Is 30 a factor of 2477200860?
True
Is 91534105 a multiple of 13?
True
Does 95 divide 531647170?
True
Is 637 a factor of 71347822?
True
Is 260128175 a multiple of 13?
False
Is 207 a factor of 30914487?
False
Does 92 divide 1362223?
False
Is 44018352 a multiple of 16?
True
Does 3308 divide 3060838310?
False
Is 88535790 a multiple of 18?
True
Does 372 divide 2129641224?
True
Does 16 divide 259123440?
True
Is 67 a factor of 37453603?
True
Is 12399921 a multiple of 37?
True
Does 151 divide 53175500?
False
Is 466 a factor of 2404710518?
True
Is 22414390 a multiple of 290?
True
Is 32042569 a multiple of 169?
True
Is 68 a factor of 3855329262?
False
Does 2 divide 83495485?
False
Is 244225915 a multiple of 1384?
False
Is 11853871 a multiple of 881?
False
Is 133 a factor of 7776229?
False
Is 604 a factor of 17845389?
False
Is 284009030 a multiple of 1070?
True
Is 1714 a factor of 89826557?
False
Is 32 a factor of 39423228?
False
Does 462 divide 1196023752?
True
Is 254242549 a multiple of 31?
False
Is 15 a factor of 610301344?
False
Does 995 divide 61978456?
False
Is 5906962367 a multiple of 7785?
False
Does 41 divide 22392494?
False
Is 587 a factor of 291173719?
True
Is 608322220 a multiple of 8891?
True
Does 3 divide 461110424?
False
Does 73 divide 173964953?
False
Is 424 a factor of 158753656?
True
Is 9 a factor of 92805111?
True
Does 120 divide 325610990?
False
Is 7022 a factor of 189740528?
False
Does 94 divide 2915316?
True
Is 66 a factor of 1044846?
True
Is 77664734 a multiple of 217?
True
Does 87 divide 78910653?
True
Is 167 a factor of 229507421?
False
Is 33364660 a multiple of 14?
True
Is 1731 a factor of 20335788?
True
Is 174303736 a multiple of 38?
False
Is 7209396 a multiple of 69?
True
Is 174747846 a multiple of 12?
False
Is 224292942 a multiple of 9?
True
Is 49 a factor of 1583642564?
True
Is 1189106045 a multiple of 6776?
False
Does 8 divide 2312560912?
True
Is 6861 a factor of 2214334046?
False
Does 24 divide 1547238236?
False
Is 74441937 a multiple of 6?
False
Is 1510195082 a multiple of 117?
False
Does 361 divide 24962401?
False
Is 7136745 a multiple of 407?
True
Is 671141751 a multiple of 609?
True
Is 4 a factor of 3205287?
False
Is 32 a factor of 746344640?
True
Does 216 divide 52574616?
True
Is 7559188 a multiple of 38?
True
Does 1512 divide 79251480?
True
Is 1254093465 a multiple of 489?
False
Does 658 divide 183878758?
True
Is 35 a factor of 103679520?
True
Is 6 a factor of 8289885?
False
Does 51 divide 1277169897?
True
Is 55826760 a multiple of 66?
True
Is 29799120 a multiple of 520?
True
Does 29 divide 1614957?
False
Is 616786539 a multiple of 5895?
False
Does 21 divide 212396277?
False
Does 1530 divide 1261405440?
True
Is 1722 a factor of 48006248?
False
Is 83329176 a multiple of 14?
True
Is 124324426 a multiple of 6?
False
Does 45 divide 52321050?
True
Is 44998308 a multiple of 228?
True
Is 2249942844 a multiple of 87?
True
Does 35 divide 3592960?
True
Is 3 a factor of 12077062?
False
Is 1057586949 a multiple of 1377?
True
Does 114 divide 26134956?
True
Is 546887902 a multiple of 22?
True
Is 17738929 a multiple of 292?
False
Does 9 divide 458501?
False
Is 331092510 a multiple of 170?
True
Does 286 divide 26551027?
False
Is 227242840 a multiple of 1595?
True
Does 42 divide 21281780?
False
Is 73 a factor of 308405728?
True
Is 1769396 a multiple of 115?
False
Is 173106293 a multiple of 10?
False
Does 26 divide 501103036?
False
Is 2795 a factor of 96714081?
False
Is 1980 a factor of 61797780?
True
Does 9 divide 234194157?
True
Is 51429672 a multiple of 31?
False
Is 760071625 a multiple of 25?
True
Is 1019 a factor of 3684092600?
True
Is 11993814 a multiple of 15?
False
Is 569 a factor of 20013774?
False
Does 5687 divide 258576812?
False
Is 21 a factor of 2611791?
True
Is 724 a factor of 1144287259?
False
Is 631597200 a multiple of 1200?
True
Is 50070314 a multiple of 47?
False
Does 1769 divide 108464490?
False
Does 938 divide 7513380?
True
Does 944 divide 4085075040?
True
Is 16565223 a multiple of 18?
False
Is 1950674612 a multiple of 249?
False
Is 95083800 a multiple of 8?
True
Is 63307205 a multiple of 123?
False
Is 718762507 a multiple of 82?
False
Is 917 a factor of 452475310?
True
Does 20 divide 4143676685?
False
Does 225 divide 31999908?
False
Is 641098875 a multiple of 375?
True
Is 1178386 a multiple of 58?
True
Is 2539838560 a multiple of 4060?
True
Is 76 a factor of 28339524?
False
Is 1665676286 a multiple of 9962?
True
Is 38538348 a multiple of 212?
False
Does 313 divide 456123990?
False
Is 64 a factor of 16796672?
True
Does 2918 divide 659663506?
True
Is 3486805546 a multiple of 203?
True
Is 120 a factor of 550988040?
True
Does 440 divide 334180664?
False
Is 36388837 a multiple of 170?
False
Is 224115335 a multiple of 67?
True
Does 3381 divide 380209095?
False
Is 19367074 a multiple of 9?
False
Does 16 divide 160741072?
True
Is 239734004 a multiple of 133?
False
Is 51 a factor of 70003926?
True
Is 153449020 a multiple of 826?
False
Is 10119 a factor of 1829839008?
True
Is 62 a factor of 1494242904?
True
Is 95 a factor of 14787795?
True
Does 2728 divide 1489073344?
True
Is 435397124 a multiple of 652?
True
Is 23 a factor of 423125909?
False
Is 575228340 a multiple of 261?
True
Is 42315990 a multiple of 437?
False
Does 757 divide 19374658?
True
Is 1614 a factor of 302241831?
False
Is 66136076 a multiple of 38?
False
Is 143460811 a multiple of 1109?
False
Is 534 a factor of 535223694?
False
Is 48 a factor of 429843216?
True
Does 3195 divide 559749682?
False
Does 22 divide 3900336?
True
Is 5726 a factor of 1499633674?
True
Is 894594027 a multiple of 12?
False
Does 82 divide 9840635?
False
Is 11 a factor of 8029808171?
True
Is 1439 a factor of 187809646?
True
Is 86 a factor of 396531421?
False
Is 86474491 a multiple of 48?
False
Does 37 divide 15005869?
False
Does 1644 divide 8566810?
False
Does 1082 divide 654951098?
False
Is 30217644 a multiple of 12?
True
Is 785724560 a multiple of 80?
True
Does 530 divide 21847130?
True
Is 104031235 a multiple of 385?
True
Is 348 a factor of 218448300?
True
Is 404849244 a multiple of 12?
True
Does 94 divide 921234?
False
Is 30475195 a multiple of 165?
False
Does 9 divide 7916049?
True
Is 95757150 a multiple of 475?
True
Is 24659432 a multiple of 549?
False
Is 15 a factor of 4294065?
True
Is 88 a factor of 94942760?
True
Does 86 divide 105539092?
False
Does 25 divide 1661365675?
True
Is 641 a factor of 56671770?
False
Is 165344584 a multiple of 12?
False
Is 23 a factor of 73054765?
False
Is 213 a factor of 20779687?
False